 base 11, what is -98 - -6?
-92
In base 6, what is 2 + 134?
140
In base 10, what is 15 - -2?
17
In base 16, what is 3 + 89?
8c
In base 7, what is 105 + 5?
113
In base 15, what is e0 - -3?
e3
In base 5, what is 0 - -114?
114
In base 12, what is 82 + 1?
83
In base 3, what is 2 - -200?
202
In base 8, what is 2 + 25?
27
In base 3, what is 0 - 11000100?
-11000100
In base 6, what is 15 + -1152?
-1133
In base 7, what is -246 - -11?
-235
In base 6, what is -114 + 3?
-111
In base 11, what is 3 + 33a?
342
In base 14, what is 1 + 1a?
1b
In base 15, what is -25 + -12?
-37
In base 4, what is 2 - 121001?
-120333
In base 11, what is 129 - 2?
127
In base 5, what is 34 - -210?
244
In base 16, what is 1 + 27c?
27d
In base 3, what is 2 + -12010?
-12001
In base 7, what is 3 - 4036?
-4033
In base 12, what is 29 + -47?
-1a
In base 11, what is 623 - 8?
616
In base 5, what is 2 + -300?
-243
In base 7, what is 3 - -10656?
10662
In base 5, what is -240 - 2?
-242
In base 16, what is -69 - -3?
-66
In base 9, what is -1510 + -2?
-1512
In base 5, what is 400 - -13?
413
In base 15, what is -ba - -4?
-b6
In base 12, what is -2 + -1661?
-1663
In base 4, what is 0 + -1010?
-1010
In base 6, what is 142 - -3?
145
In base 10, what is 9 - 90?
-81
In base 5, what is 1341 - 41?
1300
In base 13, what is 4 + -26b?
-267
In base 9, what is -32 + -28?
-61
In base 9, what is -123 + -13?
-136
In base 15, what is -107c - -5?
-1077
In base 16, what is -35 + -4?
-39
In base 15, what is 1 + -3d1?
-3d0
In base 14, what is 136 + 1?
137
In base 9, what is -12 - -5?
-6
In base 6, what is 14 + -31?
-13
In base 4, what is 0 + -3133?
-3133
In base 5, what is -121 + -4?
-130
In base 11, what is -8 - -1a9?
1a1
In base 13, what is 3 - -230?
233
In base 8, what is 26 - -10?
36
In base 11, what is 0 + -65?
-65
In base 8, what is -21066 - -3?
-21063
In base 8, what is 11217 + 1?
11220
In base 6, what is -115 - -343?
224
In base 4, what is 2131 - -11?
2202
In base 4, what is 2323 + 1?
2330
In base 15, what is 15 + -2?
13
In base 16, what is -7 - a1?
-a8
In base 6, what is -11 - 1035?
-1050
In base 12, what is -268 + 3?
-265
In base 3, what is 20102 - -2211?
100020
In base 10, what is 20 - 29?
-9
In base 12, what is -2b0 + 2?
-2aa
In base 4, what is -12 - 2103?
-2121
In base 7, what is -4 - 311?
-315
In base 12, what is -a57 + -5?
-a60
In base 15, what is 348 - -5?
34d
In base 6, what is 2 + 3205?
3211
In base 15, what is -15e + -7?
-166
In base 8, what is 2 - -132?
134
In base 6, what is 1340 + 10?
1350
In base 10, what is -4 - -174?
170
In base 13, what is -10 + b?
-2
In base 13, what is 3 - 49?
-46
In base 10, what is -243 - -3?
-240
In base 15, what is 0 + -6c?
-6c
In base 14, what is 41 - 3?
3c
In base 4, what is -10220 + -2?
-10222
In base 11, what is 2737 + 5?
2741
In base 14, what is 2 - 3?
-1
In base 11, what is a3 + 8?
100
In base 5, what is 0 + -220?
-220
In base 12, what is 16b - -9?
178
In base 15, what is 11 + 88e?
8a0
In base 14, what is 4 + -d85?
-d81
In base 5, what is 3 - 3101?
-3043
In base 10, what is -1609 + 3?
-1606
In base 3, what is 12 + -1011101?
-1011012
In base 5, what is -1200 - -2?
-1143
In base 15, what is 0 - 3e0?
-3e0
In base 3, what is 210 - 21121?
-20211
In base 4, what is 31 - 11030?
-10333
In base 15, what is 4 + -6d?
-69
In base 5, what is -1112 - -2?
-1110
In base 11, what is -3 + -198?
-1a0
In base 3, what is 121 - 102?
12
In base 11, what is -4 - -65?
61
In base 8, what is 521 + 2?
523
In base 8, what is -62 - -1?
-61
In base 16, what is 5 + -4e6?
-4e1
In base 5, what is 111 - 0?
111
In base 3, what is -10 + 12110102?
12110022
In base 9, what is -3882 - -1?
-3881
In base 12, what is -1252 + 1?
-1251
In base 7, what is 12 - -14?
26
In base 8, what is 23 + -3244?
-3221
In base 4, what is -3001 + 0?
-3001
In base 13, what is 3a + 1?
3b
In base 6, what is -33053 - -4?
-33045
In base 10, what is 6 - 44?
-38
In base 11, what is -5 + -182?
-187
In base 4, what is -20 + 323?
303
In base 4, what is 3 - 111010?
-111001
In base 8, what is 14 - 5?
7
In base 3, what is -210 - 101?
-1011
In base 8, what is 31 + -422?
-371
In base 11, what is -8971 + 0?
-8971
In base 15, what is 9 + -19?
-10
In base 3, what is -1122221 - -120?
-1122101
In base 16, what is 42ea + -2?
42e8
In base 7, what is 14 - 4?
10
In base 4, what is -2 + 103113?
103111
In base 15, what is 8 - 274?
-26b
In base 11, what is 2 + -25a?
-258
In base 3, what is -21011 - -120?
-20121
In base 4, what is -10 + -132?
-202
In base 3, what is 10 + -110?
-100
In base 10, what is -5 - -99?
94
In base 10, what is 29 + 3?
32
In base 3, what is 12 - -1110?
1122
In base 13, what is 31 - -b?
3c
In base 15, what is 138 + -a?
12d
In base 8, what is -14 - 32?
-46
In base 10, what is 5 + 68?
73
In base 6, what is 5 + 22032?
22041
In base 2, what is -101100001 - -11010?
-101000111
In base 13, what is -ac + -6b?
-14a
In base 9, what is 300 + 4?
304
In base 8, what is 1435 - 13?
1422
In base 2, what is 10010 + 1010111?
1101001
In base 7, what is -6 + 116?
110
In base 5, what is 10 + -114123?
-114113
In base 12, what is 5 + 747?
750
In base 16, what is -3 + 304?
301
In base 4, what is 10 + -1123?
-1113
In base 6, what is 3030 + -2?
3024
In base 7, what is -103161 + -4?
-103165
In base 15, what is 4 + 10be?
10c3
In base 5, what is 3301 + -33?
3213
In base 12, what is -10 - 69?
-79
In base 12, what is 1 - -2b3?
2b4
In base 12, what is 5 + -52?
-49
In base 9, what is -8 - -124?
115
In base 9, what is 14 + -265?
-251
In base 4, what is -313 - 1001?
-1320
In base 10, what is -4 + -59?
-63
In base 12, what is 2ab + 3?
2b2
In base 13, what is -14 - 70?
-84
In base 11, what is 84 + 0?
84
In base 12, what is -3 - 1ab?
-1b2
In base 2, what is -10011011 + -1100111?
-100000010
In base 12, what is 26a - 1?
269
In base 12, what is -7 + -9?
-14
In base 6, what is -30345 + 0?
-30345
In base 15, what is 0 + -c69?
-c69
In base 12, what is 84a - -3?
851
In base 15, what is -a + 5?
-5
In base 13, what is -3 - -54?
51
In base 15, what is -4 + 3d1?
3cc
In base 5, what is 3 - 223?
-220
In base 5, what is 24441 - -4?
30000
In base 7, what is 6 + -5?
1
In base 7, what is 3 - -44?
50
In base 8, what is -6532 + 5?
-6525
In base 7, what is 3253 + 0?
3253
In base 11, what is -12 - -9?
-4
In base 7, what is 12505 + 2?
12510
In base 3, what is -121 + -20011?
-20202
In base 11, what is -1a + -2?
-21
In base 8, what is -26 + -7?
-35
In base 14, what is 5 + -59?
-54
In base 2, what is 10100101 + -101?
10100000
In base 11, what is 13 - -378?
390
In base 15, what is -1 + -36?
-37
In base 6, what is -4 + -1012?
-1020
In base 12, what is 0 + 7?
7
In base 16, what is 9d - 1c?
81
In base 2, what is 11001011110 - -100?
11001100010
In base 10, what is 300 - -1?
301
In base 3, what is -1 + 10110?
10102
In base 13, what is -115 + 1?
-114
In base 14, what is 4 + 15?
19
In base 9, what is -336 + 5?
-331
In base 16, what is 5 - e2?
-dd
In base 10, what is 7 - -40?
47
In base 5, what is 333 + 0?
333
In base 10, what is -11 - 26?
-37
In base 8, what is 1 - -7352?
7353
In base 14, what is -5b5 - -3?
-5b2
In base 13, what is -44 - 6c?
-b3
In base 4, what is 1 + -300?
-233
In base 8, what is -3057 - 10?
-3067
In base 12, what is -1a + -1?
-1b
In base 9, what is 0 + 180?
180
In base 5, what is -3 - 120314?
-120322
In base 8, what is -5 - 11100?
-11105
In base 2, what is -1000 - -1110110?
1101110
In base 6, what is 104 + -10?
54
In base 10, what is -747 + 4?
-743
In base 3, what is 10 - 102000112?
-102000102
In base 6, what is -5432 + 3?
-5425
In base 8, what is 504 - 1?
503
In base 5, what is -124343 + -12?
-124410
In base 3, what is 101010 + 10?
101020
In base 11, what is 23 - -256?
279
In base 6, what is -52 - -4?
-44
In base 14, what is -1 + -1a6?
-1a7
In base 12, what is -4 + 29?
25
In base 5, what is 133 + -10?
123
In base 2, what is 110 + 10010101?
10011011
In base 13, what is -19 - -c?
-a
In base 14, what is b - 6?
5
In base 6, what is 5 - 5343?
-5334
In base 16, what is 2 - -191e?
1920
In base 3, what is 2210 - 1?
2202
In base 6, what is 4 + -13044?
-13040
In base 10, what is 4 - -1097?
1101
In base 5, what is -3 + 2413?
2410
In base 13, what is -3 - -3c?
39
In base 12, what is -1 + -557?
-558
In base 3, what is -201 + 112?
-12
In base 12, what is 1 - 67?
-66
In base 8, what is -